*w = 3*w - t*g + 76. Calculate the greatest common factor of 4 and w.
4
Suppose -2*w - 157 = -167. What is the highest common divisor of w and 20?
5
Let j = -59 + 124. Calculate the highest common factor of 26 and j.
13
Suppose 4*m = -2*f + 9*m + 53, -f + 23 = m. What is the greatest common divisor of 8 and f?
8
Suppose 3*v = 2*d - 8, 4*d - 3*d - 4 = -v. Let t be (-5)/(-2)*(-16)/(-10). What is the greatest common divisor of t and d?
4
Let p = -34 + 23. Let j be 244/11 - (-2)/p. Suppose -4*r - k - 2*k = -129, -r = -k - 34. Calculate the greatest common factor of j and r.
11
Suppose 0 = 2*a + 3*p - 87, 4*a - 3*a - 60 = 4*p. Let r = 26 - 20. Suppose -3*h + 33 = 3*m + r, h = 4*m - 51. Calculate the greatest common divisor of m and a.
12
Let q be ((-84)/(-3))/((-8)/(-12)). What is the greatest common divisor of 14 and q?
14
Suppose -2*x - 572 = -6*x. What is the highest common divisor of 13 and x?
13
Let s(u) = -76*u - 6. Let b be s(-4). Suppose -4*t - 5*i = -251, -4*i + 3*i + b = 5*t. Suppose -5*m + 41 = -t. Calculate the highest common divisor of m and 60.
20
Let w(u) = -u**3 + 2*u**2 + 5*u - 3. Let d be w(3). Let q = -1 + 2. Calculate the highest common divisor of d and q.
1
Let z(d) = -2*d + 8. Let f be z(2). Calculate the highest common divisor of f and 52.
4
Let r = -27 + 50. Let f = 34 - r. Let v(p) = -5*p - 7. Let q be v(-8). What is the highest common factor of q and f?
11
Let j be (-2 + 1)*(1 + 115). Let n be 4/(-14) - j/14. What is the greatest common divisor of n and 72?
8
Let p(b) = 2*b - 14. Suppose 49 = -2*j + 6*j + 3*x, 2*j - 2*x = 28. Let y be p(j). Calculate the greatest common factor of y and 96.
12
Let z = 38 - 12. Let x = -25 - -64. Calculate the highest common factor of x and z.
13
Suppose q = -8*q + 216. Calculate the highest common factor of 264 and q.
24
Suppose 2*o - 2 + 4 = 0. Let t = 5 + o. Calculate the greatest common factor of 2 and t.
2
Let k be (-2)/9 - 1626/(-27). Suppose -4*u + 2 = -2*f, 0 = 3*u - 0*u + 3. Let a(d) = -12*d + 4. Let q be a(f). Calculate the highest common divisor of k and q.
20
Let o(x) = x + 12. Let m be o(8). What is the greatest common divisor of m and 8?
4
Let u be 32/14 - 2/7. Let s(g) = -4*g**2 + 0 - 7*g + 0 - g**3 - 4*g**u + 2. Let n be s(-7). What is the greatest common divisor of 3 and n?
1
Let b = 369 - 182. Calculate the greatest common factor of 17 and b.
17
Suppose -100 - 250 = -2*z. Suppose 2*k - 31 = 19. What is the highest common factor of k and z?
25
Let p(v) = 130*v**2. Let w = 6 - 5. Let t be p(w). Suppose -5*b = -2*y + 90, 2*y = 4*y + 5*b - t. What is the highest common factor of y and 22?
11
Let h = 2 - -3. Suppose 5*s - 4*s + 3*b - 28 = 0, -96 = -h*s - 4*b. What is the greatest common factor of s and 64?
16
Suppose 3*c = -60 + 174. Let r = 131 + -74. Calculate the greatest common divisor of r and c.
19
Let z(u) be the second derivative of -3*u + 0*u**2 + 0 + 3/2*u**3. Let r be z(1). What is the greatest common divisor of r and 81?
9
Let v(j) = -j + 14. Let a be v(6). Let k be ((-30)/a)/((-3)/8). Calculate the greatest common divisor of k and 90.
10
Let n(r) = 5*r + 59. Let f be n(-11). What is the highest common divisor of f and 1?
1
Suppose 4*d - 23 = 49. Let u(r) = 9*r**2 + r + 4. Let p be u(-4). Calculate the greatest common divisor of p and d.
18
Let b = 27 - 2. Calculate the highest common factor of b and 5.
5
Let o be (-205)/(-15) - (-4)/(-6). Suppose 25 = 2*x - o. Calculate the highest common divisor of 57 and x.
19
Let b = 674 - 398. What is the highest common factor of 12 and b?
12
Suppose -2*p + 3*q + 39 = 0, 5*p - 3*q - 140 = -4*q. Calculate the highest common divisor of 27 and p.
27
Suppose -4*r - 8 = -8*r. Let b = 20 - 11. Suppose 0 = -r*a + b + 13. Calculate the greatest common factor of 77 and a.
11
Let w(c) = c**2. Let o be w(-2). Suppose -3*y = -2*i - 8 + 42, -3*y + 3*i - 33 = 0. Let j = 16 - y. Calculate the greatest common factor of j and o.
4
Suppose 2*d + 2*v = 58, -2*d + 74 = -2*v - 0*v. Suppose 63 + d = 4*t. Calculate the greatest common divisor of t and 8.
8
Let h be (4 - (-68)/(-16)) + 66/8. Let d(o) = -o**3 - o**2 - o - 1. Let g be d(-3). What is the greatest common factor of g and h?
4
Suppose 4*i - 272 = -4*c, -3*c + 0*c = -3*i + 228. Calculate the highest common divisor of i and 48.
24
Suppose -5*g + 2*y + 96 = -0*y, -32 = -2*g + 4*y. What is the greatest common divisor of 20 and g?
20
Let y(k) = 4*k - 11. Let u be (-1 + -15)/((-2)/1). Let q be y(u). What is the greatest common divisor of q and 3?
3
Let f = 5 - 3. Suppose 2 = f*m - m. Suppose 2*o = 4*o + 5*k - 52, 3*o - m*k - 40 = 0. What is the greatest common factor of o and 112?
16
Let t(v) = -v**2 + 7*v + 10. Let g(h) = -h**3 - h + 4. Let o be g(3). Let k = -18 - o. Let j be t(k). Calculate the greatest common divisor of 10 and j.
2
Let g be 4/12 + 115/15. Calculate the highest common divisor of 24 and g.
8
Suppose 5*w + 3 = 108. What is the greatest common divisor of w and 105?
21
Let c(u) = u + 2. Let a be c(0). Suppose 4*l - 28 = 4*b, 0*l = a*l - 4*b - 20. What is the greatest common factor of l and 32?
4
Let a = 0 + 3. Let x(y) = 30*y**a - y + 7*y**3 + 8*y**3. Let l be x(1). Calculate the highest common factor of l and 4.
4
Suppose -3*n + 7 = -2. Let j(c) = -c**3 - 4*c**2 + 3*c - 7. Let t be j(-5). Suppose -t = -h + n. Calculate the greatest common divisor of h and 66.
6
Let g(a) = a**2 + 6*a + 3. Let q be g(8). What is the highest common divisor of q and 23?
23
Let y be (-2)/9 - 220/(-18). What is the highest common factor of 18 and y?
6
Let n be 8/10 - (-232)/10. Calculate the greatest common divisor of n and 6.
6
Let d(x) = x**3 - 5*x**2 + 2*x + 1. Suppose 0 = -o - 4*o - 20, 3*o - 10 = -2*g. Let r = 16 - g. Let n be d(r). What is the highest common factor of 55 and n?
11
Let c(t) = t**2 - 6*t + 8. Let o be c(7). Suppose -3*b + 0*k + 227 = -k, 385 = 5*b - 5*k. What is the highest common divisor of o and b?
15
Let t(x) = x**2 + 14*x - 25. Let z be t(-19). Calculate the highest common divisor of 10 and z.
10
Suppose 77 = 2*u - 19. What is the greatest common factor of 12 and u?
12
Let q(f) = 4*f**2 + 13*f - 35. Let y be q(10). What is the highest common divisor of y and 45?
45
Let y = -27 + 64. What is the highest common factor of y and 296?
37
Let d(c) = c**3 + 7*c + 2 - 7*c + 3*c**2. Let x be d(-2). Calculate the highest common factor of x and 12.
6
Let k(z) = -4*z - 2. Let d be k(-3). Calculate the greatest common divisor of 5 and d.
5
Let m = -8 + 12. Suppose q = m*a - 57, 14 = a + 2*a + 5*q. Calculate the greatest common divisor of 117 and a.
13
Suppose 0 = -4*d - 2*j + 206 + 4, 0 = -4*d - 3*j + 215. Let q be 1/((-2)/d)*-1. Calculate the greatest common divisor of 100 and q.
25
Let m = 17 - 22. Let r = 10 + m. What is the greatest common divisor of r and 35?
5
Let x be (0 - -2)/(4/6). Suppose j = x + 9. Calculate the greatest common divisor of j and 60.
12
Let h = -6 - -23. What is the greatest common factor of h and 85?
17
Let j = -460 + 328. Let u be j/(-8)*(-1 + 3). Calculate the greatest common factor of u and 22.
11
Suppose -2*u = 4*w - 22, -1 + 13 = 4*w. Suppose -2*r - u*s - 121 = -3*r, -3*s = 15. What is the highest common factor of r and 16?
16
Let z be (3 + -2)/((-3)/(-6)). Let o = 70 + -44. Let h = -18 + o. Calculate the greatest common factor of z and h.
2
Suppose 12 + 260 = 8*y. Calculate the greatest common factor of 17 and y.
17
Let h be 53 + (24/(-20))/(4/(-10)). What is the greatest common factor of h and 8?
8
Let m be (-1 - -10) + 4/1. Calculate the highest common divisor of 104 and m.
13
Suppose -s - 2*s = 0. Suppose s = c + 4*a - 8 - 8, a - 2 = 0. Let f = 15 + -14. Calculate the highest common factor of c and f.
1
Let q(f) = f**3 + 6*f**2 + 3*f - 4. Let x be q(-4). Let m(w) = w + 40. Let u be m(0). Calculate the highest common factor of x and u.
8
Suppose 0*z - 4*z = 2*b - 10, 3*b = 2*z + 47. Calculate the highest common divisor of 65 and b.
13
Let d(j) = j**3 + 4*j**2 - 5*j - 5. Let k be d(-5). Let t be (-5)/(k/(-2)) + 23. What is the highest common divisor of t and 42?
21
Let u(w) = -w**2 + 15*w - 12. Let c be u(12). What is the greatest common divisor of 60 and c?
12
Let h(z) = z**3 + 8*z**2 + 5*z. Let d be h(-6). What is the greatest common factor of d and 1